{"id":185,"date":"2020-05-23T12:42:34","date_gmt":"2020-05-23T10:42:34","guid":{"rendered":"http:\/\/batteux.be\/batteux.be\/Hubert\/?page_id=185"},"modified":"2026-03-23T09:05:14","modified_gmt":"2026-03-23T08:05:14","slug":"notre-ferme","status":"publish","type":"page","link":"http:\/\/batteux.be\/FermedelaWarde\/","title":{"rendered":"Bienvenue \u00e0 la Ferme de la Warde"},"content":{"rendered":"\n<p class=\"has-luminous-vivid-amber-background-color has-background\"><strong>Prochain arrivage de viande : jeudi 23 avril<\/strong> <br>Plus d&rsquo;info sur la page \u00ab\u00a0Viande\u00a0\u00bb de notre site.<\/p>\n\n\n\n<p>La ferme de la Warde est une <strong>ferme bio<\/strong> situ\u00e9e \u00e0 <strong>Thieulain<\/strong>, dans la commune de Leuze-en-Hainaut, entre Tournai, Ath et Renaix. <\/p>\n\n\n\n<p>Vous y trouverez :<\/p>\n\n\n\n<ul><li>nos produits laitiers (bio, pots en verre consign\u00e9s)<\/li><li>notre viande de boeuf (congel\u00e9e en petite portion)<\/li><li>des produits de nos coll\u00e8gues (oeuf non bio, farine bio, tartinade, confiture)<\/li><\/ul>\n\n\n\n<p>Notre point de vente est accessible du <strong>lundi au dimanche de 10h \u00e0 19h en self-service<\/strong>, un syst\u00e8me bas\u00e9 \u00e0 100% sur la confiance. <\/p>\n\n\n\n<p>Si vous pr\u00e9f\u00e9rez nous rencontrer, nous servons les clients aux heures suivantes :<\/p>\n\n\n\n<ul><li>vendredi de 15h \u00e0 18h30<\/li><li>samedi de 10h \u00e0 12h<\/li><\/ul>\n","protected":false},"excerpt":{"rendered":"<p>Prochain arrivage de viande : jeudi 23 avril Plus d&rsquo;info sur la page \u00ab\u00a0Viande\u00a0\u00bb de notre site. La ferme de la Warde est une ferme bio situ\u00e9e \u00e0 Thieulain, dans la commune de Leuze-en-Hainaut, entre Tournai, Ath et Renaix. Vous y trouverez : nos produits laitiers (bio, pots en verre consign\u00e9s) notre viande de boeuf &hellip; <\/p>\n<p class=\"link-more\"><a href=\"http:\/\/batteux.be\/FermedelaWarde\/\" class=\"more-link\">Continuer la lecture<span class=\"screen-reader-text\"> de &laquo;&nbsp;Bienvenue \u00e0 la Ferme de la Warde&nbsp;&raquo;<\/span><\/a><\/p>\n","protected":false},"author":1,"featured_media":0,"parent":0,"menu_order":0,"comment_status":"closed","ping_status":"closed","template":"","meta":[],"_links":{"self":[{"href":"http:\/\/batteux.be\/FermedelaWarde\/wp-json\/wp\/v2\/pages\/185"}],"collection":[{"href":"http:\/\/batteux.be\/FermedelaWarde\/wp-json\/wp\/v2\/pages"}],"about":[{"href":"http:\/\/batteux.be\/FermedelaWarde\/wp-json\/wp\/v2\/types\/page"}],"author":[{"embeddable":true,"href":"http:\/\/batteux.be\/FermedelaWarde\/wp-json\/wp\/v2\/users\/1"}],"replies":[{"embeddable":true,"href":"http:\/\/batteux.be\/FermedelaWarde\/wp-json\/wp\/v2\/comments?post=185"}],"version-history":[{"count":113,"href":"http:\/\/batteux.be\/FermedelaWarde\/wp-json\/wp\/v2\/pages\/185\/revisions"}],"predecessor-version":[{"id":1232,"href":"http:\/\/batteux.be\/FermedelaWarde\/wp-json\/wp\/v2\/pages\/185\/revisions\/1232"}],"wp:attachment":[{"href":"http:\/\/batteux.be\/FermedelaWarde\/wp-json\/wp\/v2\/media?parent=185"}],"curies":[{"name":"wp","href":"https:\/\/api.w.org\/{rel}","templated":true}]}}

Bienvenue à la Ferme de la Warde

<p class="has-luminous-vivid-amber-background-color has-background"><strong>Prochain arrivage de viande : jeudi 23 avril</strong> <br>Plus d&rsquo;info sur la page « Viande » de notre site.</p>



<p>La ferme de la Warde est une <strong>ferme bio</strong> située à <strong>Thieulain</strong>, dans la commune de Leuze-en-Hainaut, entre Tournai, Ath et Renaix. </p>



<p>Vous y trouverez :</p>



<ul><li>nos produits laitiers (bio, pots en verre consignés)</li><li>notre viande de boeuf (congelée en petite portion)</li><li>des produits de nos collègues (oeuf non bio, farine bio, tartinade, confiture)</li></ul>



<p>Notre point de vente est accessible du <strong>lundi au dimanche de 10h à 19h en self-service</strong>, un système basé à 100% sur la confiance. </p>



<p>Si vous préférez nous rencontrer, nous servons les clients aux heures suivantes :</p>



<ul><li>vendredi de 15h à 18h30</li><li>samedi de 10h à 12h</li></ul>

<p>Prochain arrivage de viande : jeudi 23 avril Plus d&rsquo;info sur la page « Viande » de notre site. La ferme de la Warde est une ferme bio située à Thieulain, dans la commune de Leuze-en-Hainaut, entre Tournai, Ath et Renaix. Vous y trouverez : nos produits laitiers (bio, pots en verre consignés) notre viande de boeuf &hellip; </p>
<p class="link-more"><a href="http://batteux.be/FermedelaWarde/" class="more-link">Continuer la lecture<span class="screen-reader-text"> de &laquo;&nbsp;Bienvenue à la Ferme de la Warde&nbsp;&raquo;</span></a></p>
